on divisor of 78 and p?
2
Let g(r) = 19*r**2 - 258*r + 2. Let f be g(14). Let o(k) = 3*k**2 + 2*k - 2. Let s be o(-3). Calculate the greatest common factor of f and s.
19
Let p(m) = m**3 - 17*m**2 + 40*m + 15. Let j be p(15). Calculate the greatest common factor of j and 66.
33
Let d(v) = -v**3 + 2*v**2 + 4*v - 2. Let j be d(3). Let t(g) = -5*g + j - 14*g - 1. Let r be t(-1). Calculate the highest common divisor of r and 152.
19
Let b = -47 + 11. Let v = b + 62. Let h = 246 + -168. Calculate the greatest common divisor of h and v.
26
Let r(d) = -345*d - 12. Let w be r(-1). Calculate the greatest common divisor of w and 9.
9
Let g = 14 + -14. Let p be (6 + 12)*4 - g/(-2). What is the highest common factor of 9 and p?
9
Suppose 7*s - 2*s + 150 = -5*x, -5*x = 4*s + 146. Let h = x + 37. Calculate the greatest common factor of h and 55.
11
Suppose -12*v + 36 = -0*v. Suppose 2*g + v*k = 3*g - 15, -g - 3*k - 3 = 0. What is the highest common factor of 18 and g?
6
Let d be 1485/45 + (-1)/((-2)/(-10)). Calculate the greatest common divisor of d and 14.
14
Suppose -2*g + 12*g - 40 = 0. Suppose g*p - 3*p - 3 = 0. What is the highest common divisor of p and 6?
3
Let b = -75 + 72. Let y be 2/b + 231/9. Let x(o) = 7*o**2 - 4*o - 1. Let s be x(-6). What is the highest common factor of y and s?
25
Let f be (20/6)/(6/9). Let z(u) = u**3 + u**2 - 6*u - 6. Let y be z(f). What is the greatest common divisor of y and 6?
6
Let k(w) = -810*w - 29. Let o be k(-2). What is the greatest common divisor of o and 37?
37
Let n(c) = -8*c + 104. Let k be n(7). What is the greatest common factor of k and 64?
16
Let l be (-1)/(-2 - -3) + 18. Let m(g) = -52*g + 69. Let u be m(1). What is the greatest common divisor of l and u?
17
Let w = -814 + 2227. Calculate the highest common factor of w and 3.
3
Let i be ((-2)/(-7) - 25/(-35)) + 19. Calculate the greatest common divisor of i and 32.
4
Let m be (-8)/(-10)*(265/10 + -4). Suppose m = 2*u + 2*b, 5*u - 25 = b + 4*b. Calculate the highest common factor of 7 and u.
7
Suppose -3119 = -29*f + 2217. Calculate the highest common factor of 46 and f.
46
Suppose -3*y = 3*p - 570, -5*y - 13*p + 952 = -9*p. What is the highest common divisor of 12 and y?
12
Suppose 528 = 3*a - 336. Suppose 0 = -6*x + a + 132. Let m = 3 + 7. What is the greatest common divisor of x and m?
10
Suppose 5*q + 28 = 98. Let o(d) = -d**3 + 31*d**2 + 101*d + 104. Let k be o(34). Calculate the greatest common divisor of k and q.
14
Suppose -106 = 7*p - 596. What is the greatest common factor of 130 and p?
10
Let v = -13 + 13. Suppose v*r = r. Suppose r = h - 4*h + 621. What is the greatest common factor of 23 and h?
23
Suppose 5*k - 21*q + 24*q = 79, 2*k + 4*q - 40 = 0. Calculate the highest common factor of k and 175.
7
Let m = -39 + 58. Suppose -4*u + m = -121. Let n be (-1 + 2)/((-1)/(-7)). What is the greatest common divisor of n and u?
7
Let h(p) = 26*p**2 + 4*p + 2. Let t be h(-2). Let z be 6/(8 + 424/(-56)). What is the highest common divisor of t and z?
14
Let o(f) = -f**3 - 8*f**2 - 6*f - 24. Let q be o(-8). What is the greatest common divisor of 8 and q?
8
Let b = 618 - 573. What is the highest common factor of 105 and b?
15
Let p = 61 + -65. Let j(z) = 6*z**2 + 13*z - 4. Let d be j(p). Calculate the greatest common divisor of d and 24.
8
Let f be 2*64 + 6*(-6)/(-9). Let s(p) = -p**3 + 6*p**2 + 10*p - 9. Let l be s(7). Calculate the greatest common factor of f and l.
12
Let i = 459 + -437. What is the greatest common divisor of i and 935?
11
Let n = 18 - 16. Suppose 0 = -4*u + n*u + 4*v, v = 2. Let y = u + 1. Calculate the highest common divisor of y and 20.
5
Let c be -171 + 4 + 3 + -4. Let m be (3/9)/((-7)/c). Calculate the highest common divisor of 8 and m.
8
Let y = 207 - 57. What is the greatest common divisor of y and 6?
6
Suppose -184779 = -76*o - 64927. Calculate the highest common divisor of 57 and o.
19
Suppose -3*h - 5*x + 136 = -10*x, 2*h - 88 = 2*x. Calculate the highest common divisor of h and 24.
6
Let c be (-1 - -1) + -1 - -55. Let b be -8 + 8 - (-1 - 1). Suppose 250 = b*g - 5*j, -4*j - 409 = -3*g - 5*j. Calculate the highest common divisor of g and c.
27
Suppose g - 513 - 239 = -4*s, -5*s + 953 = -2*g. Let u = 661 + -634. What is the greatest common factor of s and u?
27
Suppose -c + u + 0*u + 2453 = 0, 5*c - 12293 = -2*u. Calculate the greatest common factor of 13 and c.
13
Let r(s) = -3*s**2 + 2*s**3 + 5 + s**3 + 0*s**3 + 5*s. Let p be r(5). Suppose 0*i + p = 5*i. What is the greatest common factor of i and 22?
22
Let o = 125 - 144. Let i be (o/(380/168))/(6/(-20)). What is the highest common factor of i and 140?
28
Let a = -27 - -10. Let l = -31 - a. Let g = l - -26. Calculate the greatest common divisor of 30 and g.
6
Let j(g) = g**3 + 5*g**2 - 25*g - 18. Let w be j(4). Calculate the greatest common divisor of 702 and w.
26
Suppose -6*y - 218 = 238. Let p be 12/(-16) - y/16. Suppose -38 = -r - p. What is the highest common divisor of r and 17?
17
Let l(u) = -u**3 + 8*u**2 + 21*u + 72. Let d be l(9). Calculate the greatest common divisor of d and 480.
60
Let b = -100 + 105. Let m be ((-8)/(-20))/((-1)/(-10)). Suppose -m*o + g = -37 - 63, -o + g + 25 = 0. Calculate the highest common divisor of b and o.
5
Let z(x) = 2*x**2 - 2*x - 4. Let o be z(-3). Suppose 24 = 4*l - o. Suppose -4*v + l = -1. What is the greatest common divisor of v and 1?
1
Suppose 0*d = -3*d + 24. Calculate the greatest common factor of d and 8.
8
Let d(z) = z**2 + 34*z - 147. Let p be d(-39). What is the greatest common factor of p and 30?
6
Let i(w) = -6*w - 6. Let v be 4/(-8) + 244/8. Suppose 5*s + 30 = -5*y, 4*s - v = 5*y + 2*s. Let q be i(y). What is the greatest common divisor of 12 and q?
6
Suppose q = 7 - 2. Suppose -2*v = -q - 3. Suppose 76*a = -26*a + 3672. Calculate the greatest common factor of v and a.
4
Let s be 13 + 0 - (7 + -8). Let m be (-978)/(-10) + (-8)/(-40). What is the highest common factor of s and m?
14
Let j be (6/(-8))/(3/(-3636)). Suppose 4*z + i - j = 4*i, 3*z = -3*i + 708. What is the greatest common divisor of z and 33?
33
Let r(y) = -y**2 + 10*y - 13. Let l be r(13). Let s be 20/70 + l/(-14). Let i = -13 + 29. Calculate the greatest common factor of i and s.
4
Suppose q + 3*l = -4 - 2, -5*l = 4*q + 3. Calculate the highest common factor of 3 and q.
3
Let m(z) = -2*z**3 - 27*z**2 - 21*z - 67. Let d be m(-13). What is the greatest common factor of d and 37?
37
Let i = 1500 - 1478. What is the highest common divisor of i and 99?
11
Suppose -y + 18 = -f - 25, 0 = f - 1. What is the greatest common factor of y and 176?
44
Suppose 2*k + 25 = 5*a, k - 4*a + 19 = -1. Let s be (k - 1*-1) + 170/5. Suppose 4 - 32 = -4*x. Calculate the greatest common factor of s and x.
7
Suppose 5*i = x + 2, 3*i - 5 = -2. Suppose 4*a - 192 = -5*o, -117 = -3*o + x*a + 9. Calculate the greatest common divisor of 40 and o.
40
Suppose 6 + 1 = o. Suppose 14 = 6*z - 28. Calculate the highest common divisor of o and z.
7
Let x be (0 + -2)/1 + 4. Let q be ((-3)/6)/(x/(-12)). Suppose q*m - 81 = t, 0*t = 2*m + 5*t - 37. What is the greatest common divisor of 13 and m?
13
Let o be (-1)/((-1)/6693*-3). Let f = 1287 + o. Let h be 32/56 + f/(-14). Calculate the highest common factor of 17 and h.
17
Let m(l) = l**3 + 11*l - 2*l + 45 + 8*l**2 - 37. Let h be m(-4). What is the highest common factor of h and 18?
18
Suppose -8 - 52 = 4*c + 4*g, -c + 5*g = 27. Let t = 20 - c. Let f = -7 + t. What is the greatest common divisor of 15 and f?
15
Let u be (20/4)/((-3)/3). Let f(w) = -w - 5. Let a be f(u). Suppose a = i - 15 + 3. Calculate the greatest common factor of 30 and i.
6
Let v(f) = 2*f**3 - 2*f - 2. Let g be v(3). What is the highest common factor of 230 and g?
46
Let b be 38/6 - (9 - (-230)/(-30)). Let j = 8 + -3. Calculate the greatest common factor of j and b.
5
Let s(x) = -31*x + 54. Let t be s(-6). Calculate the greatest common divisor of t and 30.
30
Let l be (5 - (0 + -1)) + 20. What is the greatest common factor of l and 650?
26
Let i(o) = -6*o - 3. Let r be i(-6). Let s = r + -28. What is the highest common divisor of 40 and s?
5
Suppose -6*y + 15 = -3*y. Suppose -i + 4*q = 6, 8*q = -y*i + 5*q + 62. Let z be 9 - (-1)/((-1)/(-1)). What is the greatest common factor 